17
Calculate the greatest common factor of 143713 and 7227610.
1049
Calculate the highest common factor of 30726 and 270.
54
What is the greatest common divisor of 1374 and 428000542?
458
What is the highest common factor of 45033786 and 872?
218
Calculate the highest common divisor of 1017 and 2106612.
9
Calculate the greatest common divisor of 1281018 and 22458.
114
Calculate the highest common divisor of 4 and 3761371.
1
Calculate the greatest common divisor of 5922490 and 43435.
2555
Calculate the greatest common divisor of 3080 and 38750040.
280
What is the greatest common divisor of 74 and 149622006?
74
Calculate the highest common divisor of 24736372 and 4346.
106
What is the greatest common divisor of 5310 and 11627130?
1770
What is the highest common factor of 1865831 and 49764?
319
What is the highest common divisor of 67827492 and 9?
9
Calculate the greatest common factor of 3703 and 28213686.
529
What is the highest common divisor of 6 and 16405338?
6
What is the highest common factor of 11656 and 143720?
8
Calculate the greatest common divisor of 86 and 24133922.
86
What is the greatest common divisor of 286 and 1168024?
286
What is the greatest common divisor of 1251 and 22512579?
417
What is the greatest common divisor of 64564412 and 11242?
1606
What is the highest common divisor of 138768 and 144?
48
What is the greatest common factor of 20726 and 940?
2
What is the highest common divisor of 4396656 and 176?
176
What is the greatest common divisor of 7401 and 137643798?
7401
Calculate the highest common factor of 3 and 664383.
3
Calculate the highest common factor of 29882 and 6507586.
446
What is the greatest common divisor of 98 and 213910921?
49
What is the highest common factor of 760 and 5759104?
8
What is the greatest common factor of 790 and 15835?
5
What is the highest common factor of 283583610 and 270?
90
What is the greatest common factor of 703 and 558034?
37
What is the greatest common divisor of 3339 and 241351824?
1113
Calculate the highest common divisor of 337680 and 8106.
42
What is the greatest common factor of 104246092 and 12?
4
What is the greatest common factor of 942438 and 3565439?
1181
Calculate the highest common divisor of 201502977 and 897.
897
Calculate the highest common factor of 9130563 and 4485.
897
What is the highest common factor of 392 and 95452392?
392
What is the highest common factor of 202658 and 31672?
214
What is the greatest common divisor of 130077632 and 192?
64
Calculate the highest common divisor of 13 and 810312347.
13
Calculate the greatest common divisor of 45232201 and 16912.
1057
Calculate the greatest common divisor of 11098 and 500743.
31
What is the highest common factor of 750720 and 33600?
960
What is the highest common divisor of 140471146 and 4016?
502
Calculate the highest common factor of 1940 and 62315710.
970
Calculate the highest common divisor of 571 and 30235021.
571
Calculate the greatest common factor of 123821504 and 7536.
2512
What is the highest common divisor of 27 and 2711830185?
27
What is the greatest common divisor of 1199 and 29270681?
11
What is the highest common divisor of 1097190 and 35405?
365
What is the highest common factor of 2018087 and 2?
1
Calculate the highest common factor of 13 and 2378019137.
13
Calculate the highest common factor of 12641296 and 100244.
5276
What is the greatest common divisor of 1971109 and 119467?
193
Calculate the greatest common factor of 1146431 and 832.
13
What is the greatest common divisor of 19580 and 64482?
22
What is the greatest common factor of 105029 and 599575?
827
What is the highest common divisor of 984 and 262704?
24
What is the highest common factor of 83244302 and 3182?
3182
What is the greatest common divisor of 182432072 and 2896?
1448
What is the greatest common factor of 105 and 44587445?
35
Calculate the greatest common factor of 118783884 and 348.
348
Calculate the highest common divisor of 837 and 4946391.
279
What is the highest common factor of 501 and 76828350?
501
What is the greatest common divisor of 2425293 and 12001?
1091
Calculate the greatest common factor of 154807304 and 1054.
1054
Calculate the greatest common factor of 8599729 and 2619.
97
What is the greatest common factor of 12248 and 174034894?
3062
Calculate the highest common divisor of 261 and 831213.
9
Calculate the highest common factor of 46024 and 4215992.
88
What is the greatest common factor of 73344 and 2496?
192
What is the highest common divisor of 2359 and 85680?
7
Calculate the highest common factor of 66638 and 131179.
233
Calculate the greatest common divisor of 565 and 1469868970.
565
What is the greatest common factor of 4726429 and 4619?
149
Calculate the highest common factor of 297 and 1220703.
33
Calculate the greatest common divisor of 41285525 and 74.
37
Calculate the highest common factor of 627172 and 22204.
364
Calculate the highest common factor of 1749940 and 29500.
1180
Calculate the greatest common factor of 2566343 and 1591517.
1747
What is the greatest common divisor of 140138835 and 15?
15
Calculate the greatest common factor of 16798040 and 34.
34
Calculate the highest common factor of 13367 and 2600.
1
What is the greatest common factor of 96 and 11924448?
96
Calculate the highest common factor of 16048305 and 12285.
4095
What is the greatest common factor of 58086 and 47782650?
2766
What is the highest common factor of 48 and 601903?
1
What is the highest common factor of 88103 and 37924?
19
What is the highest common factor of 562590 and 34713?
1197
What is the greatest common divisor of 9748 and 90585727?
2437
Calculate the greatest common divisor of 15762636 and 184.
92
Calculate the highest common factor of 112058 and 34122964.
2606
Calculate the greatest common factor of 38397150 and 990.
990
What is the highest common factor of 15 and 4992045?
15
Calculate the highest common divisor of 230926 and 710714.
2242
Calculate the highest common factor of 1042 and 486436.
2
What is the highest common factor of 5146 and 5498594?
62
Calculate the greatest common divisor of 40541 and 2272.
71
Calculate the greatest common factor of 885036 and 635088.
1572
Calculate the highest common factor of 2388 and 101580.
12
Calculate the greatest common divisor of 85455 and 2795328.
1899
What is the greatest common factor of 174118848 and 384?
192
What is the highest common divisor of 326879 and 19894?
343
Calculate the greatest common divisor of 95488648 and 232.
232
Calculate the highest common factor of 81205 and 29321.
109
What is the greatest common factor of 3589427 and 41?
41
Calculate the greatest common divisor of 59564596 and 998130.
9506
Calculate the greatest common factor of 87 and 48061236.
87
What is the greatest common divisor of 184858 and 20791?
17
What is the highest common divisor of 3165354 and 21?
3
What is the highest common divisor of 2639 and 48508213?
377
Calculate the highest common factor of 196992 and 484671.
57
Calculate the greatest common factor of 18028899 and 225.
9
Calculate the highest common divisor of 5476 and 1371886.
74
Calculate the highest common divisor of 76 and 163570886.
38
What is the greatest common factor of 245650 and 50?
50
What is the greatest common factor of 52810785 and 342?
171
What is the greatest common divisor of 11823561 and 18?
9
Calculate the greatest common divisor of 3171184 and 29519.
4217
Calculate the highest common factor of 91 and 3814811.
91
What is the highest common divisor of 2017809 and 207?
9
What is the greatest common factor of 60895 and 126065?
95
Calculate the highest common divisor of 1863486 and 43902.
162
What is the greatest common factor of 15624 and 2044728?
504
Calculate the greatest common factor of 1955 and 2510611.
391
Calculate the highest common factor of 115344 and 4669296.
4272
Calculate the greatest common divisor of 36028 and 548.
4
Calculate the greatest common factor of 14924374 and 24118.
778
What is the highest common divisor of 12732 and 77286423?
3183
Calculate the highest common divisor of 44000064 and 2376.
216
Calculate the greatest common divisor of 317440 and 3050400.
4960
What is the greatest common divisor of 84365 and 483?
1
Calculate the greatest common divisor of 30317760 and 594.
594
Ca